q be (2/4)/((-1)/(-2)). Let m(r) be the third derivative of r**4/4 - r**3/6 - r**2 + 2408*r. Determine m(q).
5
Let h(f) = -25*f - 3 - 26*f + 47*f. Suppose -7*n = -2*n + 10. What is h(n)?
5
Let q(m) = 3*m. Suppose -6 = h + 3*i + 2, 5*i = -15. Let o(u) = -3*u - 1. Let c be o(h). What is q(c)?
-12
Let l(s) be the first derivative of 8*s**3 - 3*s**2/2 + 2*s + 859. Determine l(1).
23
Suppose -3 = l + 3. Let h = 12 + l. Suppose -b + 0 = -h. Let p(m) = m**3 - 7*m**2 + 8*m - 8. Determine p(b).
4
Let o(g) = 2*g + 18. Let t = 213 - 221. Determine o(t).
2
Let v(n) = n**2 + 12*n + 3. Suppose -191*w + 190*w - 8 = 0. Determine v(w).
-29
Let o(i) = 5*i**2 + 10*i + 4. Let w(a) = -20 + 9 - 4*a**2 - 9*a + 7. Let y(q) = 3*o(q) + 4*w(q). Give y(-6).
-4
Let g be 21/(-15) + (-12)/20. Let p be (-2 + 4 - g) + -10. Let s(v) = v**3 + 7*v**2 + 8*v + 7. Calculate s(p).
-5
Let r be -7 - ((-1)/4 + 27/12). Let w(l) = -6*l - 11. Let x(g) = -13*g - 22. Let p(a) = r*w(a) + 4*x(a). Give p(-8).
-5
Let m(o) = -7*o - 2*o + 0*o. Let z = -32 - -37. Suppose 3*v + 1 = -z, 14 = -4*k - 5*v. Give m(k).
9
Let h be (1/(-2))/(1/(-6)). Let d = 2 - h. Let c(m) be the second derivative of -m**5/5 - m**4/12 - m**3/3 - m**2/2 - 22*m - 1. What is c(d)?
4
Let n(p) be the first derivative of -p**4/24 + p**3/2 + 13*p**2 - 32. Let w(j) be the second derivative of n(j). What is w(9)?
-6
Let w(f) = -f - 1. Let y(n) = 5*n + 4. Let x(u) = 9*w(u) + 2*y(u). Let v(c) = -2*c + 6. Let a be v(4). Let h be 1 - (-12)/a - 0. Calculate x(h).
-6
Let y(j) = 2*j**2 + 6*j - 7. Let f = -25 + 31. Let i be f/16 - 344/64. Determine y(i).
13
Suppose -10 = 5*d - 195. Let i = d + -36. Let b(u) = 7*u**2 - 1. What is b(i)?
6
Let c(d) be the third derivative of -1/6*d**3 - 1/12*d**4 + 1/20*d**5 + 0 - 41*d**2 + 0*d - 1/120*d**6. Determine c(2).
-1
Let z(n) = 4*n**2 + 4*n**3 - 4 - 5*n**3 - 4 + 12 - 150*n + 152*n. Calculate z(5).
-11
Let n(q) = 34*q + 30. Let i be n(-12). Let l be i/78 - (-2)/(-13). Let u(m) be the second derivative of m**4/12 + 2*m**3/3 + 7*m**2/2 - 28*m. Calculate u(l).
12
Let n(u) be the second derivative of u**5/20 + u**4/2 + 3*u**2/2 - 67*u + 3. Calculate n(-6).
3
Let k(j) be the first derivative of 1/3*j**3 + 7 + 8*j + 4*j**2. Determine k(-7).
1
Let w = 5 + -4. Let s = -2 + w. Let m(b) be the first derivative of -2*b**4 - b**3/3 + b + 16. Determine m(s).
8
Suppose 5*z + 3*o - 23 = 0, 3*z - 8 = -0*z + 4*o. Let r(h) = h**3 - 3*h**2 - 3*h - 5. Calculate r(z).
-1
Let w(n) = n**3 + 42*n**2 + 40*n - 46. Let q be w(-41). Let j(l) be the first derivative of -1/2*l**2 - 5*l - 2. Give j(q).
0
Let k(j) = -3 - 398*j + 414*j + 1. Give k(-2).
-34
Let h(i) = -i**3 + 2*i**2 + 2*i - 1. Let b = 2 - 4. Let c be (5/(-10))/(b/8). Suppose 3 = 3*z + c*r, -4*r = -5*z + 12 + 15. What is h(z)?
-4
Suppose 5*n + 14 = 4*o, -14 - 8 = n + 4*o. Let x(t) = 2*t**2 - 2*t**2 - 66*t - 2*t**2 + 8 + 63*t + t**2. Calculate x(n).
-10
Let m(o) = 3*o**3 - 216*o**2 - 3*o + 211. Let s be m(72). Let n(l) = -l**2 - 13*l - 21. Give n(s).
19
Let i(d) = -822 - 4789*d**2 + 4790*d**2 - 5*d + 821. Let k be 1 + -1 + 1 - -3. What is i(k)?
-5
Let i(t) be the third derivative of -27*t**2 + 7/24*t**4 - 1/120*t**6 - 4/3*t**3 + 0 + 1/12*t**5 + 0*t. Calculate i(6).
-2
Let f(m) = m**2 + 3*m - 4. Suppose 0 = -y + 6 - 2. Suppose l - y = 4*a, -5*a = 3*l + 2*l + 30. Give f(l).
0
Let s(k) = 2*k**3 - 5*k**2 + 3*k + 1. Let x(m) = -11*m + 102. Let t be x(9). Give s(t).
19
Let s(j) = 4*j - 4. Suppose 2*a + 112 = -14*a. Determine s(a).
-32
Suppose 4 = -486*x + 488*x. Let h(c) be the third derivative of 0*c + 1/60*c**5 - 1/4*c**4 + 4*c**x + 0 - 1/3*c**3. Give h(5).
-7
Let n be (-4 + 2 - -2) + -7. Let h(w) = 3 + w**2 - 4 - 110*w + 119*w - 2. What is h(n)?
-17
Let o = -44 + 48. Let i(t) = -12*t - 8 + o*t + 9*t. Give i(7).
-1
Let b(z) = -z**3 - 2*z - 6. Let t be b(0). Let h(w) = w + 6. Let u be h(t). Suppose 2*y = -u*y + 6. Let p(q) = q + 1. Determine p(y).
4
Let d(u) = -10*u + 2. Let o(l) = 25*l - 6. Let s(g) = -8*d(g) - 3*o(g). What is s(0)?
2
Let w(t) = t**2 - 1. Let f(j) = -j**2 - 5*j + 5. Suppose -u + 4 = 3. Let r(a) = u*f(a) + 3*w(a). What is r(3)?
5
Let f(x) = -11*x**2 + 25*x - 28. Let q(u) = 5*u**2 - 12*u + 13. Let t(r) = -4*f(r) - 9*q(r). Give t(5).
10
Let i(p) = 10*p**3 + 11*p**2 + 4*p - 6. Let a(c) = -7*c**3 - 7*c**2 - 3*c + 4. Let s(o) = -7*a(o) - 5*i(o). Give s(-6).
-4
Suppose -5*v + n = 70, -2*v + 12*n = 16*n + 50. Let x(w) = -w**3 - 16*w**2 - 15*w + 10. Determine x(v).
10
Suppose 21*g + 20 = 25*g. Let r(x) = -3*x + 16. Give r(g).
1
Let n(s) = -2*s**2 + 20*s - 15. Suppose 29*r = 332 - 42. Calculate n(r).
-15
Let v(w) = 2 - 15*w - w**2 + 10 + 2*w. Let l be v(-14). Let n(q) = q**3 - 1. Let m(t) = -3*t**3 + 3*t**2 + 2*t + 5. Let r(b) = l*n(b) - m(b). Determine r(3).
-9
Let k(w) be the first derivative of w**3/3 + 4*w**2 - 5*w + 143. What is k(-11)?
28
Let p(k) = -7*k - 5. Let z be (11/11)/((-1)/(-4)*-2). Give p(z).
9
Suppose -4*g - 5*d + 19 = -5*g, -2*d - 6 = 3*g. Let r(k) = -7*k - 1. Give r(g).
27
Let u(o) = -7*o - 14*o**2 + 9*o**2 + 3*o + 3 + 9*o**2. Let t(m) = -8*m**2 + 7*m - 5. Let k(s) = -3*t(s) - 5*u(s). Determine k(1).
3
Let b(l) = l. Let z be 4 - -1 - (2 + -1). Suppose 1 = 4*p + z*o + 9, -11 = 4*p + 3*o. Determine b(p).
-5
Let s(y) = y**3 - 4*y**2 - 7*y + 6. Suppose 0 = 2*v - 3*v - 3*c + 14, 20 = v + 5*c. Let p be (14 - (-3)/(-3)) + -3 + 0. Let a = p - v. Give s(a).
-4
Let z(w) = -w + 4. Let f(b) = -1. Let o(n) = 5*f(n) - z(n). Let k = -182 - -189. What is o(k)?
-2
Let i(r) = -2*r**2 - 18*r - 6. Suppose 8*y + 34 = 6*y + 4*c, y + 21 = 3*c. What is i(y)?
-6
Let h(m) = 4*m - 35. Let s(l) = 8*l - 72. Let u(j) = -7*h(j) + 4*s(j). Determine u(10).
-3
Let c(x) = x**3 + 11*x**2 + 9*x - 10. Suppose -36*z + 28*z - 80 = 0. Give c(z).
0
Suppose n - 297 = 5*d - n, -2*n = 3*d + 175. Let o be d/6 - 5/30. Let f be (-4)/20 + (-52)/o. Let y(p) = -p**3 + 5*p**2 - 3*p + 6. Calculate y(f).
-9
Let a(r) = -3 - 5*r + 6*r + 11*r - 11*r. Let y(p) = p**2 - 6*p + 4. Let q be y(4). Determine a(q).
-7
Let o(c) be the first derivative of -c**6/360 - c**5/40 + c**4/12 - 19*c**3/3 + 39. Let l(h) be the third derivative of o(h). Give l(-4).
-2
Let q = 99 - 110. Let z(o) = -o**3 - 10*o**2 + 10*o - 8. Calculate z(q).
3
Let r(l) be the second derivative of l**4/8 + l**3/3 + 7*l**2/2 + 13*l. Let u(m) be the first derivative of r(m). Give u(2).
8
Let h = -2 - -3. Let t(x) = -x**3 + 3*x**2 + 1. Let d(s) be the first derivative of s**4/4 - s**3/3 - s + 1. Let p(o) = 2*d(o) + t(o). Give p(h).
1
Suppose 852*d + 60 = 858*d. Let c(v) be the first derivative of -v**3/3 + 11*v**2/2 - 6*v - 3. Give c(d).
4
Let h(c) be the second derivative of c**5/20 - c**4/12 - 59*c**2/2 + 29*c + 7. Give h(0).
-59
Let q be 24/(-132) - 70/(-22). Let u(m) = -m**2 + 2*m**2 - m + 16*m**q - 17*m**3 - 5 + 2*m. Give u(0).
-5
Let g(p) be the second derivative of -13*p - 5/12*p**4 + 1/2*p**2 + 4/3*p**3 - 1/20*p**5 + 0. Determine g(-6).
-11
Let b(p) = -p - 37. Suppose 0 = -3*g - 4*q - 20, 5 = -g - g - q. Determine b(g).
-37
Let v(x) be the first derivative of -x**2 + 4*x - 274. Let o(f) = f - 1. Let d be o(4). Calculate v(d).
-2
Let t(k) = -k**2 - 8*k - 8. Let x(z) = -z**2 + 14*z - 4. Let r be x(13). Suppose r*c = 3*c + 6. Suppose -c = h + 5. Give t(h).
4
Let f(s) = s - 8. Suppose 17*y - 9 - 25 = 0. Give f(y).
-6
Let g(s) = -s**3 + 12*s**2 + 13*s + 2. Let v be -26*((-21)/(-6) - 4). Let z be g(v). Suppose 0 = 2*y - 5*a + 9, y - 7*a = -z*a - 2. Let f(p) = p + 1. Give f(y).
-6
Let n(f) be the second derivative of -f**4/12 + 7*f**3/6 + 2*f**2 - 6*f. Suppose 19*p - l - 34 = 14*p, 0 = 3*p - 2*l - 26. What is n(p)?
10
Suppose 4*b - 2*b = -m, -2*m + 18 = -2*b. Let x(j) be the third derivative of 1/2*j**3 + 19*j**2 + 0*j - 1/24*j**4 + 0. Calculate x(m).
-3
Let i(b) = -b**2 + 6*b + 7. Suppose 5 - 26 = -3*c. Give i(c).
0
Let x(o) = -2*o - 31. Suppose -56*v = -79*v - 345. Determine x(v).
-1
Suppose 0 = 241*i - 229*i + 24. Let c(z) = 5*z**3 + 4*z + 3. What is c(i)?
-45
Let d(l) = -3*l**2 - 8*l - 26. Suppose -5*i + 3 = 18. Let f(j) = j**2 + 3*j + 9. Let g be 1 + 9*(3 + -4). Let z(q) = g*f(q) + i*d(q). Calculate z(0).
6
Let n(a) = 62*a - 61*a - 16 + 2*a**3 - a**3. Calculate n(0).
-16
Suppose -26 = 9*c + 17*c. Let j(k) = 5*k - 3. Determine j(c).
-